{"id":78,"date":"2018-01-03T16:39:30","date_gmt":"2018-01-03T16:39:30","guid":{"rendered":"http:\/\/buchner-blog.de\/?page_id=78"},"modified":"2018-01-05T16:41:15","modified_gmt":"2018-01-05T16:41:15","slug":"start","status":"publish","type":"page","link":"https:\/\/buchner-blog.de\/?page_id=78","title":{"rendered":"Auf der Suche nach den verlorenen Aufzeichnungen"},"content":{"rendered":"<p>\u2026 der Buchner sind diese Seiten entstanden. Sie sollen f\u00fcr alle Interessierte einen \u00dcberblick \u00fcber die Geschichte dieser Familie geben, die aus N\u00fcrnberg stammend \u00fcber Dresden und Wittenberg ins Hessische gekommen ist, lange in Darmstadt ans\u00e4ssig war und dann wieder verstreut wurde.<\/p>\n<p>Die Buchner lassen sich bis in die Lutherzeit zur\u00fcckverfolgen. Anfangs dem Milit\u00e4r nahestehend: ein Soldat, ein Festungsbauer, ein Milit\u00e4rtheoretiker und ein B\u00fcchsenmacher; sp\u00e4ter dann Juristen, Beamte, Archivare, Lehrer, Literaten. Seit August Buchner (1591-1661), dem ber\u00fchmten Professor der Poetik und der Rhetorik an der Universit\u00e4t Wittenberg, waren die Buchners dann B\u00fcchermenschen. So ist einiges erhalten geblieben: Biographische und autobiographische Schriften, Gedichte, Briefe, B\u00fccher und Aufs\u00e4tze zu naturwissenschaftlichen, historischen, politischen, literarischen Themen und zur Kunst; Bilder, Scherenschnitte, Photographien. Vieles aber ist auch vergessen, verloren, verschollen und verstreut: Die Herkunft der Familie aus N\u00fcrnberg liegt im Dunkeln, vieles ist dem 30-j\u00e4hrigen Krieg zum Opfer gefallen, verschollen sind die Opern von Heinrich Sch\u00fctz (1585-1672), zu denen August Buchner die Libretti geschrieben haben soll und der reiche Nachla\u00df von Karl Buchner (1800-1872), der im Zweiten Weltkrieg verloren ging.<\/p>\n<p>Erhalten \u2014 immerhin \u2014 ist das Gedruckte und manches, das unter den Nachkommen vererbt wurde. Nur tragen diese \u2014 wegen der vielen T\u00f6chter und des deutschen Namensrechts \u2014 heute oft nicht mehr den Namen Buchner, sondern hei\u00dfen Balser, Cullmann, Gro\u00dfmann, Jacob, Kleemann, Merck, Theobald, Vidal oder anders.<\/p>\n<p>An Vergessenes erinnern, Vergangenes wieder lebendig werden lassen, Vertstreutes wieder zusammentragen und f\u00fcr alle zug\u00e4nglich machen: dazu sollen diese Seiten dienen. Wer also etwas \u00fcber einen der Buchner wei\u00df, den bitte ich, mir zu <a href=\"http:\/\/buchner-blog.de\/?page_id=65\" target=\"_blank\" rel=\"noopener\">schreiben<\/a>. Ich bin \u00fcber jeden Hinweis auf Gro\u00df- und Urgro\u00dfeltern, Ehefrauen und Ehem\u00e4nner, Kinder und Kindeskinder dankbar. Ich suche Bilder, Briefe, B\u00fccher, Biographien und was sonst aus dieser Familie oder von deren Vorfahren und Nachkommen \u00fcberliefert sein mag. Bei Interesse gebe auch ich gerne weitere Ausk\u00fcnfte.<\/p>\n","protected":false},"excerpt":{"rendered":"<p>\u2026 der Buchner sind diese Seiten entstanden. Sie sollen f\u00fcr alle Interessierte einen \u00dcberblick \u00fcber die Geschichte dieser Familie geben, die aus N\u00fcrnberg stammend \u00fcber Dresden und Wittenberg ins Hessische gekommen ist, lange in Darmstadt ans\u00e4ssig war und dann wieder verstreut wurde. Die Buchner lassen sich bis in die Lutherzeit zur\u00fcckverfolgen. Anfangs dem Milit\u00e4r nahestehend:&#8230;<\/p>\n","protected":false},"author":1,"featured_media":0,"parent":0,"menu_order":0,"comment_status":"closed","ping_status":"closed","template":"","meta":{"_themeisle_gutenberg_block_has_review":false,"footnotes":""},"class_list":["post-78","page","type-page","status-publish","hentry"],"_links":{"self":[{"href":"https:\/\/buchner-blog.de\/index.php?rest_route=\/wp\/v2\/pages\/78","targetHints":{"allow":["GET"]}}],"collection":[{"href":"https:\/\/buchner-blog.de\/index.php?rest_route=\/wp\/v2\/pages"}],"about":[{"href":"https:\/\/buchner-blog.de\/index.php?rest_route=\/wp\/v2\/types\/page"}],"author":[{"embeddable":true,"href":"https:\/\/buchner-blog.de\/index.php?rest_route=\/wp\/v2\/users\/1"}],"replies":[{"embeddable":true,"href":"https:\/\/buchner-blog.de\/index.php?rest_route=%2Fwp%2Fv2%2Fcomments&post=78"}],"version-history":[{"count":14,"href":"https:\/\/buchner-blog.de\/index.php?rest_route=\/wp\/v2\/pages\/78\/revisions"}],"predecessor-version":[{"id":206,"href":"https:\/\/buchner-blog.de\/index.php?rest_route=\/wp\/v2\/pages\/78\/revisions\/206"}],"wp:attachment":[{"href":"https:\/\/buchner-blog.de\/index.php?rest_route=%2Fwp%2Fv2%2Fmedia&parent=78"}],"curies":[{"name":"wp","href":"https:\/\/api.w.org\/{rel}","templated":true}]}}

<p>… der Buchner sind diese Seiten entstanden. Sie sollen für alle Interessierte einen Überblick über die Geschichte dieser Familie geben, die aus Nürnberg stammend über Dresden und Wittenberg ins Hessische gekommen ist, lange in Darmstadt ansässig war und dann wieder verstreut wurde.</p>
<p>Die Buchner lassen sich bis in die Lutherzeit zurückverfolgen. Anfangs dem Militär nahestehend: ein Soldat, ein Festungsbauer, ein Militärtheoretiker und ein Büchsenmacher; später dann Juristen, Beamte, Archivare, Lehrer, Literaten. Seit August Buchner (1591-1661), dem berühmten Professor der Poetik und der Rhetorik an der Universität Wittenberg, waren die Buchners dann Büchermenschen. So ist einiges erhalten geblieben: Biographische und autobiographische Schriften, Gedichte, Briefe, Bücher und Aufsätze zu naturwissenschaftlichen, historischen, politischen, literarischen Themen und zur Kunst; Bilder, Scherenschnitte, Photographien. Vieles aber ist auch vergessen, verloren, verschollen und verstreut: Die Herkunft der Familie aus Nürnberg liegt im Dunkeln, vieles ist dem 30-jährigen Krieg zum Opfer gefallen, verschollen sind die Opern von Heinrich Schütz (1585-1672), zu denen August Buchner die Libretti geschrieben haben soll und der reiche Nachlaß von Karl Buchner (1800-1872), der im Zweiten Weltkrieg verloren ging.</p>
<p>Erhalten — immerhin — ist das Gedruckte und manches, das unter den Nachkommen vererbt wurde. Nur tragen diese — wegen der vielen Töchter und des deutschen Namensrechts — heute oft nicht mehr den Namen Buchner, sondern heißen Balser, Cullmann, Großmann, Jacob, Kleemann, Merck, Theobald, Vidal oder anders.</p>
<p>An Vergessenes erinnern, Vergangenes wieder lebendig werden lassen, Vertstreutes wieder zusammentragen und für alle zugänglich machen: dazu sollen diese Seiten dienen. Wer also etwas über einen der Buchner weiß, den bitte ich, mir zu <a href="http://buchner-blog.de/?page_id=65" target="_blank" rel="noopener">schreiben</a>. Ich bin über jeden Hinweis auf Groß- und Urgroßeltern, Ehefrauen und Ehemänner, Kinder und Kindeskinder dankbar. Ich suche Bilder, Briefe, Bücher, Biographien und was sonst aus dieser Familie oder von deren Vorfahren und Nachkommen überliefert sein mag. Bei Interesse gebe auch ich gerne weitere Auskünfte.</p>

<p>… der Buchner sind diese Seiten entstanden. Sie sollen für alle Interessierte einen Überblick über die Geschichte dieser Familie geben, die aus Nürnberg stammend über Dresden und Wittenberg ins Hessische gekommen ist, lange in Darmstadt ansässig war und dann wieder verstreut wurde. Die Buchner lassen sich bis in die Lutherzeit zurückverfolgen. Anfangs dem Militär nahestehend:&#8230;</p>
